 5*m, 3*b = -4*m + 198 + 81. What is the units digit of b?
3
Let q be (-4876)/(-159) - 4/(-3). Suppose q*r - 5*r = 35856. What is the hundreds digit of r?
3
Suppose -3*a + 20 = -s, -4*s - 28 = -a + 2*a. Let j = s + 7. What is the tens digit of (2 + j)/(-2)*-66?
3
Let r = 3697 - 2294. Suppose -2*i - r + 385 = -g, 4*i + 1028 = g. What is the units digit of g?
8
Let g(x) = 48*x**3 - 5*x**2 + 3*x + 8. Let i be 7/175*15 + 24/10. What is the units digit of g(i)?
8
Let j = -10914 - -16180. What is the units digit of j?
6
Let r(m) = -69*m + 19. Let g(o) = 34*o - 9. Let d(n) = -13*g(n) - 6*r(n). Let h be d(-7). Suppose -3*k = -h - 38. What is the tens digit of k?
7
Suppose -121*a = -44*a - 285516. What is the tens digit of a?
0
What is the tens digit of -256*((-2)/(-21) + (-97218)/756)?
9
Suppose 35 = 3*c + 26. Suppose 2*w + 2*t + 100 = 0, 5*w - w = c*t - 186. What is the tens digit of 1/4 - (-4)/(w/(-2541))?
1
Suppose -15 = -5*a, -23*a = 2*z - 27*a - 13070. What is the tens digit of z?
4
Let u(s) = -12*s**2 + 343*s - 38. What is the hundreds digit of u(20)?
0
Suppose 5*t + 5*m = t + 21, 4*t + 3*m = 19. Suppose 0 = -q + 5*w - 28, 2*w + 2 = -5*q - 3. What is the tens digit of ((t - 0) + q)*13?
1
Let u(i) = -7*i**2 + i + 1. Let s(n) = -n**2. Let q(g) = -g**2 + 28*g - 1. Let p be q(28). Let t(v) = p*u(v) + 2*s(v). What is the tens digit of t(5)?
1
Let i(a) = -a**2 + 6*a + 15. Let l(w) = -3*w - 8. Let y(c) = -6*i(c) - 11*l(c). Let b(x) = x**2 - x. Let s(r) = -4*b(r) + y(r). What is the units digit of s(2)?
8
Let h = -12 - -16. Suppose 0 = 3*n + g - 527, -h*n - 2*g = -819 + 119. What is the hundreds digit of n?
1
Suppose -7*r + 2563 - 72775 = -13*r. What is the units digit of r?
2
Suppose p + 0*p = -4*c + 5535, -4*p = 5*c - 22107. What is the tens digit of p?
2
Suppose 0 = -23*o - 6*o + 58. What is the hundreds digit of (-933 + 1)/(o*(-2)/8)?
8
Let v(b) = -20*b + 8 - 2 + 13*b + 274*b**2. What is the tens digit of v(1)?
7
Let g(r) = 104*r**2 + 40*r - 613. What is the thousands digit of g(14)?
0
Suppose -5*t + 4*s + 33145 = 0, 295*t - 291*t - 26485 = -3*s. What is the tens digit of t?
2
Let n = 54745 - 36855. What is the ten thousands digit of n?
1
Let c be (-1)/(-3) + 140/30. Suppose -c*n - 5*y = -385, 4*y + 340 = n + 4*n. Suppose n - 16 = 4*p. What is the tens digit of p?
1
Let k = -17309 + 42903. What is the tens digit of k?
9
Let a(b) = -b**2 - b - 2. Let d(g) = g**3 + g**2 + 4*g + 391. Let u(q) = 2*a(q) + d(q). What is the units digit of u(0)?
7
Let b(v) = -v**2 - 69*v - 79. Let n be b(-24). Suppose 21*x - 26*x = 2*m - n, 0 = -3*m - 3*x + 1488. What is the units digit of m?
3
Let t = -62 - -55. Let n(c) = -c**2 - 10*c - 10. Let x be n(t). Suppose 0 = -6*k + x*k - 805. What is the units digit of k?
1
Let o(q) = -1056*q**3 + 15*q**2 + 37*q - 3. What is the tens digit of o(-2)?
3
Let z be 6*(-7)/(-2)*(-14)/(-21). Let h = z + 17. What is the tens digit of h?
3
Let z = -123 + 138. Let j = 11 - z. What is the units digit of j/((-8)/10) + 58?
3
What is the ten thousands digit of (-1)/(-1) - (1368/(-190))/(3/6855)?
1
Let a(d) = 289*d + 597. What is the thousands digit of a(7)?
2
Let h(k) be the second derivative of k**4/3 - 7*k**3/6 - 9*k**2/2 - 4*k. Let n be h(-6). Suppose -3*l + 36 = -n. What is the tens digit of l?
7
Let v = 3 - -25. Suppose 0 = -4*i + 3*l - 6*l + 4, 3*i + 5*l + 8 = 0. Suppose -2*d + v = h - 73, i*d - 103 = -h. What is the units digit of h?
9
Suppose -4*m - x + 213468 = 0, -106734 = 539*m - 541*m + x. What is the units digit of m?
7
Let c = -28417 + 68965. What is the ten thousands digit of c?
4
Suppose 1657350 = -65*n + 88*n + 122*n. What is the thousands digit of n?
1
Let v = -81 + 151. What is the tens digit of (-952)/v*(-10)/4*2?
6
Suppose 0*g + 9*g = 7830. Let i = g - 598. Let u = i - 150. What is the hundreds digit of u?
1
Let q(r) = -r**3 - 97*r**2 - 11*r + 5275. What is the units digit of q(-100)?
5
Let l be 1/4 + 47859/(-28). What is the units digit of (35 + -38)/(l/853 - -2)?
3
Let l(h) = 2 - 3*h - 21*h**2 - 11*h + 13*h. Let z be l(1). What is the hundreds digit of ((-35)/z)/7 + 563/4?
1
Suppose -5*d - 5 = 0, 5 = 2*a - 0*d - d. Suppose -5*j = y + a, 2*y - 2*j - 11 = -y. Suppose t + y = 41. What is the units digit of t?
8
Let g be (-167 - -2)/(-5) - 3. What is the hundreds digit of 1602/4 - 15/g?
4
Suppose 3*u + 172722 = 4*x, 22*u + 43200 = x + 18*u. What is the units digit of x?
6
Let u = 9 + -5. Let m be u + 150 - 1/(2/(-4)). Suppose 3*k - m = 5*b, 5*k - 260 = -b - 0*b. What is the tens digit of k?
5
Suppose -37*g + 152 + 1180 = 0. What is the hundreds digit of ((-727)/(-6))/(186/g + -5)?
7
Let n = 2126 - 1496. What is the thousands digit of (-10056)/(-14)*2 - (-270)/n?
1
What is the hundreds digit of 63/((-127)/(-935) - (-74)/(-629))?
4
Suppose -4*g - 3 = -3*n - 7*g, -5*n - g = -17. Suppose -3*d = -n*c - 758, -4*d - 270 = 2*c - 1310. What is the tens digit of d?
5
Let k(n) = 32*n + 3484. What is the units digit of k(-19)?
6
Let k(c) = 11*c + 3. Let s be k(-6). Let w = s + 5. Let l = 51 - w. What is the hundreds digit of l?
1
Let g(p) = 48*p + 7. Let z(k) = 5*k - 14. Let w be z(4). Let r be g(w). Suppose -3*s = 2*a - r, -a - 4*s + 106 = -44. What is the tens digit of a?
4
What is the units digit of 70/7*5303 - (-5 + 15)?
0
Let g(z) = 5*z**3 + 24*z**2 - 9*z + 15. Let f(p) = 3*p**3 - 6*p**2 - 10*p**3 + 2*p + 6*p**3 - 4. Let n(x) = -9*f(x) - 2*g(x). What is the units digit of n(6)?
6
Let q(b) = -1121*b**3 - 16*b**2 - 37*b - 18. What is the units digit of q(-3)?
6
Let t = -72 + 80. Suppose -10 = -d - t. Suppose 2*f + 0*f = d*r - 282, -3*r - f + 435 = 0. What is the hundreds digit of r?
1
Let z = 35 + -291. Let d = z + 458. What is the tens digit of d?
0
Let q be ((-12)/(-10))/(6/10). Suppose -4*x = -2 + q. Suppose -2*h - 3*h + 35 = x. What is the units digit of h?
7
Let d = 5809 + -2382. What is the units digit of d?
7
Suppose z = 2*g + 7500, -3*z + 8*g + 22520 = 6*g. What is the hundreds digit of z?
5
Let p(f) = -f**2 - 15*f + 10. Let m be p(-16). Let i be ((-6)/(-15))/(m/(-3945)). Suppose -i = 5*y - 873. What is the units digit of y?
2
Let b(s) = 9286*s**2 + 54*s - 109. What is the ten thousands digit of b(3)?
8
Suppose 7*n = 26*n - 2318. Suppose 765 = 125*d - n*d. What is the tens digit of d?
5
Let h = -250 - -217. Let b(q) = 4*q + 180. What is the tens digit of b(h)?
4
Suppose 3*v + 14 = 5*x, -2*x + 4*x = v + 6. Suppose -3*j - p - v*p = -1518, 0 = 2*p + 6. Let y = j + -331. What is the tens digit of y?
7
Let s be -2*(105/(-30) + (-4)/(-2)). Suppose 874 = 2*o + s*j, 2*o - 311 = -j + 555. What is the hundreds digit of o?
4
Let n = -19 + 80. Suppose n = p - 65. What is the units digit of p?
6
Let i be (-1516)/(55/60 - 3 - -2). Suppose -25*d + i = -1408. What is the hundreds digit of d?
7
Suppose -5*j - 4837 = -7*j + y, 2*y = 2*j - 4832. Suppose -5*b = 0, 0*q - 2*b = 3*q - j. What is the tens digit of q?
0
Let j(i) = 133*i**3 - i**2 - 4*i + 16. Let w be j(2). Suppose -13*x = n - 14*x - w, 3*n - 3208 = 2*x. What is the hundreds digit of n?
0
Let b(n) = 34*n**2 + 58*n + 253. What is the thousands digit of b(-27)?
3
Suppose s - 82 = -3*j - 2513, 0 = 3*j + 3*s + 2421. What is the units digit of (69/(-46))/(2/j)?
9
Let k = -49 - -52. Suppose -4 = -c - 2*j, -k*j - 2 + 6 = c. What is the units digit of (16/(-6))/1*(-237)/c?
8
Let l(d) = -52*d - 206. Let t be l(-4). What is the thousands digit of 2 - (92*(5 - 19) + t)?
1
Let n(h) = 2*h**3 + 40*h**2 - 36*h + 8. What is the hundreds digit of n(-17)?
3
Suppose 12*a - 19*a = 224. What is the units digit of (a/(-10))/(11/(1705/2))?
8
Let u = -363 - -821. Let h be (u/6)/(-1*2/6). Let o = h - -357. What is the tens digit of o?
2
Suppose 8*y - 14*y + 30 = 0. Suppose 15 = 5*q, -l + 16 + 6 = -y*q. What is the units digit of l?
7
Let k = -6867 - -12269. What is the hundreds digit of k?
4
Suppose 37*z - 5051 = 219613. Suppose 0 = 32*f - 9*f - z. What is the units digit of f?
4
Let d(x) = 50*x. Let y = 92 + -90. Suppose 3*u - 6 = 3*n, y*n = -9 + 11. What is the tens digit of d(u)?
5
What is the hundreds digit of 11 - -1675 - (7 - (11 + -7))?
6
What is the hundreds digit of 66718/4 + ((-35)/(-175) - (-6)/20)?
6
Suppose 7*u - 2*u - 35 = 0. Suppose 2*h = l - 2 - u, -5*h - 18 = -l. Suppose -4*g - 405 = -5